{"id":1498,"date":"2016-08-04T18:07:55","date_gmt":"2016-08-04T16:07:55","guid":{"rendered":"https:\/\/www.larattedutouquet.com\/?page_id=1498"},"modified":"2021-01-05T22:50:08","modified_gmt":"2021-01-05T21:50:08","slug":"eric-pour-une-agriculture-durable","status":"publish","type":"page","link":"https:\/\/p6006.phpnet.org\/larattedutouquetold\/eric-pour-une-agriculture-durable\/","title":{"rendered":"Eric, pour une agriculture durable"},"content":{"rendered":"<p>\t\t<section  class=\"ht-section \"  >\n\t\t\n\t<div class=\"container\">\n\t\t\t\t\t\n\t\t\n<div class=\"fw-row\">\n\t<div class=\"fw-col-xs-12 \" >\n\t<div class=\"fw-heading fw-heading-h1 fw-heading-center\">\n\t\t<h1 class='fw-special-title'>Eric, pour une agriculture durable<\/h1>\t<\/div><\/div>\n<\/div>\n\n\n<div class=\"fw-row\">\n\t<div class=\"fw-col-xs-12 \" >\n\t<div class=\"video-wrapper shortcode-container\">\n\t<iframe width=\"680\" height=\"383\" src=\"https:\/\/www.youtube.com\/embed\/E1j15BLsm5g?feature=oembed\" frameborder=\"0\" allowfullscreen><\/iframe><\/div>\n<\/div>\n<\/div>\n\n\t<\/div>\n<\/section>\n\t\t<section  class=\"ht-section \"  >\n\t\t\n\t<div class=\"container\">\n\t\t\t\t\t\n\t\t\n<div class=\"fw-row\">\n\t<div class=\"fw-col-xs-12 \" >\n\t<p style=\"text-align: justify;\">Quand \u00c9ric s'est lanc\u00e9 dans l\u2019agriculture, il envisageait d'arr\u00eater la culture de la pomme de terre, car elle ne poussait pas tr\u00e8s bien dans ses terres. Rat\u00e9 ! Il a d\u00e9couvert la Ratte il y a une dizaine d\u2019ann\u00e9es, qui, elle, s\u2019adaptait \u00e0 son terroir et s\u2019est depuis, passionn\u00e9 pour la culture de la pomme de terre. Si, \u00e9tant enfant, l\u2019agriculture n\u2019\u00e9tait pas une vocation,\u00a0 Eric s\u2019est finalement pris de passion pour ce m\u00e9tier, au moment de reprendre l\u2019exploitation familiale.<\/p><p><div id='gallery-1' class='gallery galleryid-1498 gallery-columns-3 gallery-size-full'><figure class='gallery-item'>\n\t\t\t<div class='gallery-icon landscape'>\n\t\t\t\t<img width=\"180\" height=\"180\" src=\"https:\/\/p6006.phpnet.org\/larattedutouquetold\/wp-content\/uploads\/2016\/08\/Eric1-1.jpg\" class=\"attachment-full size-full\" alt=\"Eric, producteur de Ratte du Touquet\" loading=\"lazy\" aria-describedby=\"gallery-1-1503\" srcset=\"https:\/\/p6006.phpnet.org\/larattedutouquetold\/wp-content\/uploads\/2016\/08\/Eric1-1.jpg 180w, https:\/\/p6006.phpnet.org\/larattedutouquetold\/wp-content\/uploads\/2016\/08\/Eric1-1-150x150.jpg 150w, https:\/\/p6006.phpnet.org\/larattedutouquetold\/wp-content\/uploads\/2016\/08\/Eric1-1-82x82.jpg 82w\" sizes=\"(max-width: 180px) 100vw, 180px\" \/>\n\t\t\t<\/div>\n\t\t\t\t<figcaption class='wp-caption-text gallery-caption' id='gallery-1-1503'>\n\t\t\t\tEric, producteur de Ratte du Touquet\n\t\t\t\t<\/figcaption><\/figure><figure class='gallery-item'>\n\t\t\t<div class='gallery-icon landscape'>\n\t\t\t\t<img width=\"180\" height=\"180\" src=\"https:\/\/p6006.phpnet.org\/larattedutouquetold\/wp-content\/uploads\/2016\/08\/Eric4-1.jpg\" class=\"attachment-full size-full\" alt=\"Champs de Ratte du Touquet d&#039;Eric\" loading=\"lazy\" aria-describedby=\"gallery-1-1505\" srcset=\"https:\/\/p6006.phpnet.org\/larattedutouquetold\/wp-content\/uploads\/2016\/08\/Eric4-1.jpg 180w, https:\/\/p6006.phpnet.org\/larattedutouquetold\/wp-content\/uploads\/2016\/08\/Eric4-1-150x150.jpg 150w, https:\/\/p6006.phpnet.org\/larattedutouquetold\/wp-content\/uploads\/2016\/08\/Eric4-1-82x82.jpg 82w\" sizes=\"(max-width: 180px) 100vw, 180px\" \/>\n\t\t\t<\/div>\n\t\t\t\t<figcaption class='wp-caption-text gallery-caption' id='gallery-1-1505'>\n\t\t\t\tIl cultive 3ha de Ratte du Touquet\n\t\t\t\t<\/figcaption><\/figure><figure class='gallery-item'>\n\t\t\t<div class='gallery-icon landscape'>\n\t\t\t\t<img width=\"180\" height=\"180\" src=\"https:\/\/p6006.phpnet.org\/larattedutouquetold\/wp-content\/uploads\/2016\/08\/Eric3-1.jpg\" class=\"attachment-full size-full\" alt=\"Exploitation d&#039;Eric\" loading=\"lazy\" aria-describedby=\"gallery-1-1504\" srcset=\"https:\/\/p6006.phpnet.org\/larattedutouquetold\/wp-content\/uploads\/2016\/08\/Eric3-1.jpg 180w, https:\/\/p6006.phpnet.org\/larattedutouquetold\/wp-content\/uploads\/2016\/08\/Eric3-1-150x150.jpg 150w, https:\/\/p6006.phpnet.org\/larattedutouquetold\/wp-content\/uploads\/2016\/08\/Eric3-1-82x82.jpg 82w\" sizes=\"(max-width: 180px) 100vw, 180px\" \/>\n\t\t\t<\/div>\n\t\t\t\t<figcaption class='wp-caption-text gallery-caption' id='gallery-1-1504'>\n\t\t\t\tSon exploitation\n\t\t\t\t<\/figcaption><\/figure>\n\t\t<\/div>\n<\/p><p style=\"text-align: justify;\">Ancienne ferme d\u2019\u00e9levage (\u00e0 l\u2019\u00e9poque de son grand-p\u00e8re), son exploitation s\u2019est recentr\u00e9e vers la culture, d\u2019abord avec son p\u00e8re puis compl\u00e8tement lorsqu\u2019Eric a pris la suite. Son exploitation est certifi\u00e9e <a href=\"https:\/\/www.larattedutouquet.com\/category\/la-charte-qualite\/lexique-de-lenvironnement\/\">ISO 14001<\/a>, une \u00ab\u00a0boucle de progr\u00e8s\u00a0\u00bb ax\u00e9e principalement sur l\u2019environnement, mais aussi le social et la gestion des risques. \u00ab\u00a0Vous partez d\u2019une base, d\u2019un certain nombre de normes \u00e0 respecter, puis vous vous engagez \u00e0 am\u00e9liorer r\u00e9guli\u00e8rement votre exploitation. C\u2019est une gestion quotidienne.\u00a0\u00bb<\/p><p style=\"text-align: justify;\">\u00ab\u00a0Ce qui est motivant, c\u2019est qu\u2019on est \u00e0 plusieurs. On a cr\u00e9\u00e9 une association, on a des r\u00e9unions et on se rencontre, on va visiter les fermes pour voir ce que chacun a fait dans son exploitation. On se motive les uns les autres.\u00a0\u00bb Eric voit \u00e9galement les certifications comme des outils qui les aident \u00e0 \u00eatre plus structur\u00e9s et \u00e0 mieux travailler. \u00ab\u00a0M\u00eame si la certification n\u2019est pas encore tr\u00e8s connue du grand public, j\u2019esp\u00e8re qu\u2019une d\u00e9marche comme la <a href=\"https:\/\/www.larattedutouquet.com\/la-charte-qualite-ratte-du-touquet\/\">Charte Qualit\u00e9<\/a> permettra de faire conna\u00eetre nos actions aux consommateurs et de leur montrer notre respect du terroir.\u00a0\u00bb Il a en tous cas confiance en l\u2019avenir : \u00ab\u00a0je sais qu\u2019il va y avoir des progr\u00e8s d\u2019ici 5 ans, que la recherche va apporter des solutions.\u00a0 Je suis volontaire pour aller vers des techniques nouvelles, pour essayer des choses.\u00a0\u00bb<\/p><h1 style=\"text-align: center;\">\u00ab\u00a0J\u2019aime cultiver des pommes de terre anciennes car ce sont de beaux challenges\u00a0\u00bb<\/h1><p style=\"text-align: justify;\">Il y a environ 4 ans, il a mis en place la micro-irrigation dans son exploitation. \u00ab\u00a0On met un tuyau sur chaque butte de pomme de terre. On d\u00e9roule 12 000 m\u00e8tres de tuyau sur chaque hectare de pomme de terre et \u00e7a irrigue au goutte \u00e0 goutte. Techniquement, c\u2019est tr\u00e8s bien : \u00e7a am\u00e9liore la qualit\u00e9 du produit et on diminue les quantit\u00e9s d\u2019eau de 30% mais c\u2019est un gros investissement et la mise en \u0153uvre est difficile car c\u2019est encore tr\u00e8s peu m\u00e9canis\u00e9.\u00a0\u00bb<\/p><p style=\"text-align: justify;\">Eric aime l\u2019agriculture car c\u2019est un d\u00e9fi permanent qui le stimule et le pousse \u00e0 s\u2019am\u00e9liorer. \u00ab\u00a0On a une ferme qui n\u2019est pas facile, car le terrain est tr\u00e8s vallonn\u00e9 et on a certaines terres calcaires, qui sont sensibles par exemple au gel. Mais souvent, les personnes qui ont des conditions plus difficiles sont oblig\u00e9es d\u2019\u00eatre plus motiv\u00e9s, sinon elles se d\u00e9couragent et n\u2019avancent pas.\u00a0\u00bb Il aime cultiver de vieilles vari\u00e9t\u00e9s de pommes de terre car ce sont de \u00ab\u00a0beaux challenges : on les bichonne, on les valorise\u2026 tant qu\u2019on est accompagn\u00e9s par quelqu\u2019un qui a conscience de la difficult\u00e9, je trouve \u00e7a int\u00e9ressant.\u00a0\u00bb<\/p><p style=\"text-align: justify;\">Son go\u00fbt pour ce m\u00e9tier, c\u2019est aussi tout l\u2019amour de la nature. \u00ab\u00a0On a un site qui est assez exceptionnel, avec des terres en friches qui sont entrain de passer <a href=\"https:\/\/www.larattedutouquet.com\/category\/la-charte-qualite\/lexique-de-lenvironnement\/\">Natura 2000<\/a><strong>,<\/strong> donc on a toujours \u00e9t\u00e9 sensibilis\u00e9s \u00e0 la nature et j\u2019ai envie de laisser une terre propre \u00e0 mes enfants. J\u2019ai d\u2019ailleurs l\u2019un de mes fils qui a entam\u00e9 des \u00e9tudes d\u2019agriculture. Je suis content qu\u2019il ait choisi cette voie, \u00e7a aurait \u00e9t\u00e9 dommage qu\u2019on ait fait tous ces efforts pour qu\u2019ils s\u2019arr\u00eatent.\u00a0\u00bb<\/p><p lang=\"fr-FR\" style=\"text-align: justify;\">Les producteurs renouvellent chaque ann\u00e9e leur engagement dans la Charte Qualit\u00e9. D\u00e9couvrez celui d\u2019<a href=\"https:\/\/www.larattedutouquet.com\/wp-content\/uploads\/2013\/06\/Eric-Engagement-CQRDT-2015.pdf\" target=\"_blank\" rel=\"noopener\">Eric.<\/a><\/p><p><div id='gallery-2' class='gallery galleryid-1498 gallery-columns-3 gallery-size-full'><figure class='gallery-item'>\n\t\t\t<div class='gallery-icon landscape'>\n\t\t\t\t<img width=\"180\" height=\"180\" src=\"https:\/\/p6006.phpnet.org\/larattedutouquetold\/wp-content\/uploads\/2016\/08\/Eric8.jpg\" class=\"attachment-full size-full\" alt=\"jach\u00e8re mellif\u00e8re dans une exploitation de Ratte du Touquet\" loading=\"lazy\" aria-describedby=\"gallery-2-1508\" srcset=\"https:\/\/p6006.phpnet.org\/larattedutouquetold\/wp-content\/uploads\/2016\/08\/Eric8.jpg 180w, https:\/\/p6006.phpnet.org\/larattedutouquetold\/wp-content\/uploads\/2016\/08\/Eric8-150x150.jpg 150w, https:\/\/p6006.phpnet.org\/larattedutouquetold\/wp-content\/uploads\/2016\/08\/Eric8-82x82.jpg 82w\" sizes=\"(max-width: 180px) 100vw, 180px\" \/>\n\t\t\t<\/div>\n\t\t\t\t<figcaption class='wp-caption-text gallery-caption' id='gallery-2-1508'>\n\t\t\t\tEric a plant\u00e9 une \n\t\t\t\t<\/figcaption><\/figure><figure class='gallery-item'>\n\t\t\t<div class='gallery-icon landscape'>\n\t\t\t\t<img width=\"180\" height=\"180\" src=\"https:\/\/p6006.phpnet.org\/larattedutouquetold\/wp-content\/uploads\/2016\/08\/Eric7.jpg\" class=\"attachment-full size-full\" alt=\"Ratte du Touquet dans les mains d&#039;Eric\" loading=\"lazy\" aria-describedby=\"gallery-2-1507\" srcset=\"https:\/\/p6006.phpnet.org\/larattedutouquetold\/wp-content\/uploads\/2016\/08\/Eric7.jpg 180w, https:\/\/p6006.phpnet.org\/larattedutouquetold\/wp-content\/uploads\/2016\/08\/Eric7-150x150.jpg 150w, https:\/\/p6006.phpnet.org\/larattedutouquetold\/wp-content\/uploads\/2016\/08\/Eric7-82x82.jpg 82w\" sizes=\"(max-width: 180px) 100vw, 180px\" \/>\n\t\t\t<\/div>\n\t\t\t\t<figcaption class='wp-caption-text gallery-caption' id='gallery-2-1507'>\n\t\t\t\tUn pr\u00e9l\u00e8vement de Ratte \u00e0 quelques semaines de la r\u00e9colte\n\t\t\t\t<\/figcaption><\/figure><figure class='gallery-item'>\n\t\t\t<div class='gallery-icon landscape'>\n\t\t\t\t<img width=\"180\" height=\"180\" src=\"https:\/\/p6006.phpnet.org\/larattedutouquetold\/wp-content\/uploads\/2016\/08\/Eric2.jpg\" class=\"attachment-full size-full\" alt=\"Le grand-p\u00e8re d\u2019Eric, qui \u00e9tait \u00e9leveur, participait \u00e0 des concours agricoles\" loading=\"lazy\" aria-describedby=\"gallery-2-1506\" srcset=\"https:\/\/p6006.phpnet.org\/larattedutouquetold\/wp-content\/uploads\/2016\/08\/Eric2.jpg 180w, https:\/\/p6006.phpnet.org\/larattedutouquetold\/wp-content\/uploads\/2016\/08\/Eric2-150x150.jpg 150w, https:\/\/p6006.phpnet.org\/larattedutouquetold\/wp-content\/uploads\/2016\/08\/Eric2-82x82.jpg 82w\" sizes=\"(max-width: 180px) 100vw, 180px\" \/>\n\t\t\t<\/div>\n\t\t\t\t<figcaption class='wp-caption-text gallery-caption' id='gallery-2-1506'>\n\t\t\t\tLe grand-p\u00e8re d\u2019Eric, qui \u00e9tait \u00e9leveur, participait \u00e0 des concours agricoles\n\t\t\t\t<\/figcaption><\/figure>\n\t\t<\/div>\n<\/p><\/div>\n<\/div>\n\n\t<\/div>\n<\/section>\n<\/p>\n","protected":false},"excerpt":{"rendered":"<p>Eric, pour une agriculture durable Quand \u00c9ric s&rsquo;est lanc\u00e9 dans l\u2019agriculture, il envisageait d&rsquo;arr\u00eater la culture de la pomme de terre, car elle ne poussait pas tr\u00e8s bien dans ses terres. Rat\u00e9 ! Il a d\u00e9couvert la Ratte il y a une dizaine d\u2019ann\u00e9es, qui, elle, s\u2019adaptait \u00e0 son terroir et s\u2019est depuis, passionn\u00e9 pour [&hellip;]<\/p>\n","protected":false},"author":6,"featured_media":0,"parent":0,"menu_order":0,"comment_status":"closed","ping_status":"closed","template":"page-templates\/template-colonne.php","meta":{"wprm-recipe-roundup-name":[],"wprm-recipe-roundup-description":[]},"yoast_head":"<!-- This site is optimized with the Yoast SEO plugin v18.4.1 - https:\/\/yoast.com\/wordpress\/plugins\/seo\/ -->\n<title>Eric, pour une agriculture durable<\/title>\n<meta name=\"description\" content=\"D\u00e9couvrez le portrait d&#039;Eric, producteur passionn\u00e9 de la variet\u00e9 de pommes de terre la Ratte du Touquet. Bonne d\u00e9couverte !\" \/>\n<meta name=\"robots\" content=\"index, follow, max-snippet:-1, max-image-preview:large, max-video-preview:-1\" \/>\n<link rel=\"canonical\" href=\"https:\/\/p6006.phpnet.org\/larattedutouquetold\/eric-pour-une-agriculture-durable\/\" \/>\n<meta property=\"og:locale\" content=\"fr_FR\" \/>\n<meta property=\"og:type\" content=\"article\" \/>\n<meta property=\"og:title\" content=\"Eric, pour une agriculture durable\" \/>\n<meta property=\"og:description\" content=\"D\u00e9couvrez le portrait d&#039;Eric, producteur passionn\u00e9 de la variet\u00e9 de pommes de terre la Ratte du Touquet. Bonne d\u00e9couverte !\" \/>\n<meta property=\"og:url\" content=\"https:\/\/p6006.phpnet.org\/larattedutouquetold\/eric-pour-une-agriculture-durable\/\" \/>\n<meta property=\"og:site_name\" content=\"La pomme de terre des gastronomes\" \/>\n<meta property=\"article:modified_time\" content=\"2021-01-05T21:50:08+00:00\" \/>\n<meta property=\"og:image\" content=\"https:\/\/www.larattedutouquet.com\/wp-content\/uploads\/2016\/08\/Eric1-1.jpg\" \/>\n<meta name=\"twitter:card\" content=\"summary\" \/>\n<meta name=\"twitter:label1\" content=\"Dur\u00e9e de lecture estim\u00e9e\" \/>\n\t<meta name=\"twitter:data1\" content=\"4 minutes\" \/>\n<script type=\"application\/ld+json\" class=\"yoast-schema-graph\">{\"@context\":\"https:\/\/schema.org\",\"@graph\":[{\"@type\":\"WebSite\",\"@id\":\"https:\/\/p6006.phpnet.org\/larattedutouquetold\/#website\",\"url\":\"https:\/\/p6006.phpnet.org\/larattedutouquetold\/\",\"name\":\"La pomme de terre des gastronomes\",\"description\":\"\",\"potentialAction\":[{\"@type\":\"SearchAction\",\"target\":{\"@type\":\"EntryPoint\",\"urlTemplate\":\"https:\/\/p6006.phpnet.org\/larattedutouquetold\/?s={search_term_string}\"},\"query-input\":\"required name=search_term_string\"}],\"inLanguage\":\"fr-FR\"},{\"@type\":\"ImageObject\",\"@id\":\"https:\/\/p6006.phpnet.org\/larattedutouquetold\/eric-pour-une-agriculture-durable\/#primaryimage\",\"inLanguage\":\"fr-FR\",\"url\":\"https:\/\/www.larattedutouquet.com\/wp-content\/uploads\/2016\/08\/Eric1-1.jpg\",\"contentUrl\":\"https:\/\/www.larattedutouquet.com\/wp-content\/uploads\/2016\/08\/Eric1-1.jpg\"},{\"@type\":\"WebPage\",\"@id\":\"https:\/\/p6006.phpnet.org\/larattedutouquetold\/eric-pour-une-agriculture-durable\/#webpage\",\"url\":\"https:\/\/p6006.phpnet.org\/larattedutouquetold\/eric-pour-une-agriculture-durable\/\",\"name\":\"Eric, pour une agriculture durable\",\"isPartOf\":{\"@id\":\"https:\/\/p6006.phpnet.org\/larattedutouquetold\/#website\"},\"primaryImageOfPage\":{\"@id\":\"https:\/\/p6006.phpnet.org\/larattedutouquetold\/eric-pour-une-agriculture-durable\/#primaryimage\"},\"datePublished\":\"2016-08-04T16:07:55+00:00\",\"dateModified\":\"2021-01-05T21:50:08+00:00\",\"description\":\"D\u00e9couvrez le portrait d'Eric, producteur passionn\u00e9 de la variet\u00e9 de pommes de terre la Ratte du Touquet. Bonne d\u00e9couverte !\",\"breadcrumb\":{\"@id\":\"https:\/\/p6006.phpnet.org\/larattedutouquetold\/eric-pour-une-agriculture-durable\/#breadcrumb\"},\"inLanguage\":\"fr-FR\",\"potentialAction\":[{\"@type\":\"ReadAction\",\"target\":[\"https:\/\/p6006.phpnet.org\/larattedutouquetold\/eric-pour-une-agriculture-durable\/\"]}]},{\"@type\":\"BreadcrumbList\",\"@id\":\"https:\/\/p6006.phpnet.org\/larattedutouquetold\/eric-pour-une-agriculture-durable\/#breadcrumb\",\"itemListElement\":[{\"@type\":\"ListItem\",\"position\":1,\"name\":\"Accueil\",\"item\":\"https:\/\/p6006.phpnet.org\/larattedutouquetold\/\"},{\"@type\":\"ListItem\",\"position\":2,\"name\":\"Eric, pour une agriculture durable\"}]}]}<\/script>\n<!-- \/ Yoast SEO plugin. -->","yoast_head_json":{"title":"Eric, pour une agriculture durable","description":"D\u00e9couvrez le portrait d'Eric, producteur passionn\u00e9 de la variet\u00e9 de pommes de terre la Ratte du Touquet. Bonne d\u00e9couverte !","robots":{"index":"index","follow":"follow","max-snippet":"max-snippet:-1","max-image-preview":"max-image-preview:large","max-video-preview":"max-video-preview:-1"},"canonical":"https:\/\/p6006.phpnet.org\/larattedutouquetold\/eric-pour-une-agriculture-durable\/","og_locale":"fr_FR","og_type":"article","og_title":"Eric, pour une agriculture durable","og_description":"D\u00e9couvrez le portrait d'Eric, producteur passionn\u00e9 de la variet\u00e9 de pommes de terre la Ratte du Touquet. Bonne d\u00e9couverte !","og_url":"https:\/\/p6006.phpnet.org\/larattedutouquetold\/eric-pour-une-agriculture-durable\/","og_site_name":"La pomme de terre des gastronomes","article_modified_time":"2021-01-05T21:50:08+00:00","og_image":[{"url":"https:\/\/www.larattedutouquet.com\/wp-content\/uploads\/2016\/08\/Eric1-1.jpg"}],"twitter_card":"summary","twitter_misc":{"Dur\u00e9e de lecture estim\u00e9e":"4 minutes"},"schema":{"@context":"https:\/\/schema.org","@graph":[{"@type":"WebSite","@id":"https:\/\/p6006.phpnet.org\/larattedutouquetold\/#website","url":"https:\/\/p6006.phpnet.org\/larattedutouquetold\/","name":"La pomme de terre des gastronomes","description":"","potentialAction":[{"@type":"SearchAction","target":{"@type":"EntryPoint","urlTemplate":"https:\/\/p6006.phpnet.org\/larattedutouquetold\/?s={search_term_string}"},"query-input":"required name=search_term_string"}],"inLanguage":"fr-FR"},{"@type":"ImageObject","@id":"https:\/\/p6006.phpnet.org\/larattedutouquetold\/eric-pour-une-agriculture-durable\/#primaryimage","inLanguage":"fr-FR","url":"https:\/\/www.larattedutouquet.com\/wp-content\/uploads\/2016\/08\/Eric1-1.jpg","contentUrl":"https:\/\/www.larattedutouquet.com\/wp-content\/uploads\/2016\/08\/Eric1-1.jpg"},{"@type":"WebPage","@id":"https:\/\/p6006.phpnet.org\/larattedutouquetold\/eric-pour-une-agriculture-durable\/#webpage","url":"https:\/\/p6006.phpnet.org\/larattedutouquetold\/eric-pour-une-agriculture-durable\/","name":"Eric, pour une agriculture durable","isPartOf":{"@id":"https:\/\/p6006.phpnet.org\/larattedutouquetold\/#website"},"primaryImageOfPage":{"@id":"https:\/\/p6006.phpnet.org\/larattedutouquetold\/eric-pour-une-agriculture-durable\/#primaryimage"},"datePublished":"2016-08-04T16:07:55+00:00","dateModified":"2021-01-05T21:50:08+00:00","description":"D\u00e9couvrez le portrait d'Eric, producteur passionn\u00e9 de la variet\u00e9 de pommes de terre la Ratte du Touquet. Bonne d\u00e9couverte !","breadcrumb":{"@id":"https:\/\/p6006.phpnet.org\/larattedutouquetold\/eric-pour-une-agriculture-durable\/#breadcrumb"},"inLanguage":"fr-FR","potentialAction":[{"@type":"ReadAction","target":["https:\/\/p6006.phpnet.org\/larattedutouquetold\/eric-pour-une-agriculture-durable\/"]}]},{"@type":"BreadcrumbList","@id":"https:\/\/p6006.phpnet.org\/larattedutouquetold\/eric-pour-une-agriculture-durable\/#breadcrumb","itemListElement":[{"@type":"ListItem","position":1,"name":"Accueil","item":"https:\/\/p6006.phpnet.org\/larattedutouquetold\/"},{"@type":"ListItem","position":2,"name":"Eric, pour une agriculture durable"}]}]}},"_links":{"self":[{"href":"https:\/\/p6006.phpnet.org\/larattedutouquetold\/wp-json\/wp\/v2\/pages\/1498"}],"collection":[{"href":"https:\/\/p6006.phpnet.org\/larattedutouquetold\/wp-json\/wp\/v2\/pages"}],"about":[{"href":"https:\/\/p6006.phpnet.org\/larattedutouquetold\/wp-json\/wp\/v2\/types\/page"}],"author":[{"embeddable":true,"href":"https:\/\/p6006.phpnet.org\/larattedutouquetold\/wp-json\/wp\/v2\/users\/6"}],"replies":[{"embeddable":true,"href":"https:\/\/p6006.phpnet.org\/larattedutouquetold\/wp-json\/wp\/v2\/comments?post=1498"}],"version-history":[{"count":1,"href":"https:\/\/p6006.phpnet.org\/larattedutouquetold\/wp-json\/wp\/v2\/pages\/1498\/revisions"}],"predecessor-version":[{"id":5635,"href":"https:\/\/p6006.phpnet.org\/larattedutouquetold\/wp-json\/wp\/v2\/pages\/1498\/revisions\/5635"}],"wp:attachment":[{"href":"https:\/\/p6006.phpnet.org\/larattedutouquetold\/wp-json\/wp\/v2\/media?parent=1498"}],"curies":[{"name":"wp","href":"https:\/\/api.w.org\/{rel}","templated":true}]}}